38301
What are the prime factors of 79630707?
3, 13, 59, 34607
List the prime factors of 50451009.
3, 7, 1009, 2381
What are the prime factors of 2137519741?
7, 19, 16071577
List the prime factors of 1081536063.
3, 29, 1621, 7669
List the prime factors of 484449220.
2, 5, 2557, 9473
List the prime factors of 32436949.
32436949
List the prime factors of 281312292.
2, 3, 23442691
What are the prime factors of 2283205?
5, 456641
What are the prime factors of 1577208281?
11, 47, 3050693
List the prime factors of 274912410.
2, 3, 5, 9163747
List the prime factors of 5528185.
5, 13, 85049
What are the prime factors of 37735366?
2, 3709, 5087
What are the prime factors of 14125160?
2, 5, 7, 61, 827
What are the prime factors of 2019914266?
2, 2549, 396217
What are the prime factors of 281227806?
2, 3, 15623767
List the prime factors of 216410781.
3, 101, 714227
What are the prime factors of 4906405227?
3, 509, 3213101
What are the prime factors of 14213888?
2, 13, 4271
List the prime factors of 1336710073.
523, 619, 4129
What are the prime factors of 49474474?
2, 7, 83, 42577
List the prime factors of 566140443.
3, 11, 17, 1009163
What are the prime factors of 913455015?
3, 5, 11, 463, 1087
What are the prime factors of 81878036?
2, 20469509
What are the prime factors of 253497317?
103, 2461139
List the prime factors of 5339749196.
2, 1334937299
List the prime factors of 414143840.
2, 5, 11, 235309
List the prime factors of 1352762174.
2, 509, 1328843
List the prime factors of 406946296.
2, 53, 959779
List the prime factors of 2903836465.
5, 580767293
What are the prime factors of 9283387563?
3, 38203241
List the prime factors of 558066523.
7, 37, 163, 13219
What are the prime factors of 219266179?
11, 2857, 6977
What are the prime factors of 203298683?
7, 37, 241, 3257
What are the prime factors of 1417804421?
11, 10597, 12163
What are the prime factors of 1438658075?
5, 31, 1856333
What are the prime factors of 668993734?
2, 334496867
What are the prime factors of 4212632571?
3, 7, 67, 577, 5189
List the prime factors of 1185399333.
3, 43903679
What are the prime factors of 282806558?
2, 307, 359, 1283
What are the prime factors of 36944693?
23, 1606291
What are the prime factors of 546910426?
2, 251, 1089463
What are the prime factors of 2258669710?
2, 5, 11, 20533361
What are the prime factors of 168397049?
9739, 17291
List the prime factors of 87505702.
2, 29, 1508719
What are the prime factors of 2003072417?
4111, 487247
List the prime factors of 65655809.
389, 168781
What are the prime factors of 134810190?
2, 3, 5, 223, 2239
List the prime factors of 195080773.
787, 247879
What are the prime factors of 1563876502?
2, 271, 859, 3359
What are the prime factors of 3198777220?
2, 5, 109, 1467329
List the prime factors of 1001590439.
31, 191, 169159
List the prime factors of 1007957262.
2, 3, 13, 12922529
List the prime factors of 727649932.
2, 53, 601, 5711
What are the prime factors of 3351528?
2, 3, 46549
What are the prime factors of 238218583?
238218583
What are the prime factors of 1748886835?
5, 4603, 75989
What are the prime factors of 346198461?
3, 7, 23, 43, 79, 211
List the prime factors of 5552251353.
3, 11, 692387
What are the prime factors of 56706769?
7, 47, 24623
What are the prime factors of 67545411?
3, 23, 113, 8663
List the prime factors of 37817786.
2, 18908893
What are the prime factors of 398679842?
2, 11, 18121811
List the prime factors of 133105846.
2, 66552923
What are the prime factors of 29372406?
2, 3, 7, 699343
What are the prime factors of 13736454?
2, 3, 2289409
What are the prime factors of 19307500?
2, 5, 7723
List the prime factors of 209718138.
2, 3, 7, 43, 53, 313
What are the prime factors of 372974370?
2, 3, 5, 19, 34439
List the prime factors of 134282705.
5, 337, 79693
What are the prime factors of 1194905072?
2, 74681567
List the prime factors of 56593062.
2, 3, 3144059
What are the prime factors of 772987012?
2, 7, 2017, 13687
What are the prime factors of 215383456?
2, 97, 69389
What are the prime factors of 562538436?
2, 3, 569, 82387
What are the prime factors of 303542692?
2, 75885673
List the prime factors of 272615435.
5, 23, 2370569
What are the prime factors of 246400432?
2, 397, 38791
What are the prime factors of 382568642?
2, 2377, 80473
List the prime factors of 37792389.
3, 12597463
List the prime factors of 81813632.
2, 639169
List the prime factors of 436824208.
2, 27301513
List the prime factors of 81031291.
11, 7366481
List the prime factors of 42564431.
7, 13, 29, 127
List the prime factors of 208588187.
59, 919, 3847
What are the prime factors of 477416282?
2, 7, 3593, 9491
What are the prime factors of 40966750?
2, 5, 11, 14897
What are the prime factors of 5237064447?
3, 67, 26055047
List the prime factors of 33544847.
7, 41, 116881
List the prime factors of 1920614727.
3, 1559, 410651
List the prime factors of 1075557922.
2, 97, 307, 18059
List the prime factors of 184109499.
3, 7, 2922373
What are the prime factors of 19533787?
7, 13, 214657
List the prime factors of 512307838.
2, 7, 5227631
List the prime factors of 3772197407.
11, 6827, 50231
List the prime factors of 542080457.
8521, 63617
What are the prime factors of 96405683?
11, 37, 236869
What are the prime factors of 13961931?
3, 4653977
List the prime factors of 58413754.
2, 7, 101, 109, 379
List the prime factors of 384697149.
3, 23, 281, 19841
List the prime factors of 152255802.
2, 3, 25375967
What are the prime factors of 164186561?
7, 11, 17, 125429
List the prime factors of 245499935.
5, 29, 1693103
List the prime factors of 23535103.
491, 47933
List the prime factors of 29661821.
7, 17, 53, 4703
What are the prime factors of 433747580?
2, 5, 7, 19, 163063
What are the prime factors of 1443767409?
3, 7, 363761
What are the prime factors of 251954378?
2, 13, 29, 334157
List the prime factors of 494510419.
13, 23, 31, 1721
List the prime factors of 350991786.
2, 3, 79, 113, 6553
What are the prime factors of 8276314246?
2, 233, 17760331
List the prime factors of 564169695.
3, 5, 1423, 26431
List the prime factors of 4949181.
3, 31, 73
List the prime factors of 205894740.
2, 3, 5, 181, 18959
What are the prime factors of 1136775462?
2, 3, 71, 89, 29983
List the prime factors of 712866951.
3, 29, 2731291
What are the prime factors of 1593487145?
5, 151, 2110579
List the prime factors of 2008309323.
3, 79, 1193, 7103
List the prime factors of 32193697.
32193697
What are the prime factors of 3213332312?
2, 9587, 41897
What are the prime factors of 7880020308?
2, 3, 127, 199, 2887
What are the prime factors of 3627778495?
5, 11, 17, 127, 137, 223
List the prime factors of 566400416.
2, 1063, 16651
List the prime factors of 478440060.
2, 3, 5, 7, 1139143
What are the prime factors of 1297266129?
3, 47, 3066823
What are the prime factors of 1543993884?
2, 3, 19, 2257301
List the prime factors of 2248757320.
2, 5, 373, 150721
What are the prime factors of 40565176?
2, 5070647
What are the prime factors of 74115863?
6211, 11933
List the prime factors of 548305538.
2, 11, 24922979
List the prime factors of 68609016.
2, 3, 7, 19447
List the prime factors of 155965602.
2, 3, 13, 1999559
List the prime factors of 1151759069.
1151759069
What are the prime factors of 268818311?
5669, 47419
What are the prime factors of 768464219?
768464219
What are the prime factors of 465888090?
2, 3, 5, 37, 97, 4327
What are the prime factors of 2181756932?
2, 545439233
List the prime factors of 315788301.
3, 1613, 2417
What are the prime factors of 57746943?
3, 17, 571, 661
List the prime factors of 50007964.
2, 12501991
What are the prime factors of 2603374678?
2, 1301687339
List the prime factors of 56838635.
5, 7, 23, 70607
What are the prime factors of 4057659450?
2, 3, 5, 13, 17, 40801
What are the prime factors of 39060220?
2, 5, 17, 114883
List the prime factors of 5115465539.
5115465539
What are the prime factors of 398177005?
5, 79635401
What are the prime factors of 9568814?
2, 761, 6287
List the prime factors of 1963519.
47, 41777
List the prime factors of 655741256.
2, 227, 361091
List the prime factors of 1111420353.
3, 109, 149, 22811
What are the prime factors of 81490339?
7, 47, 247691
List the prime factors of 643438420.
2, 5